Let n(a) = -a**3 + 27*a**2 + 30*a - 55. What is n(28)?
1
Let b(z) = 2*z**3 - 2*z**2 - 4. What is b(2)?
4
Let x(w) = -6*w**2 + 7*w - 3. Give x(3).
-36
Let h(v) = v**2 - 48*v + 276. Give h(40).
-44
Let w(l) = -5*l**2 - 4*l - 2. Give w(-2).
-14
Let o(s) = -s**3 - 5*s**2 - 3*s - 7. Calculate o(-5).
8
Let j(u) = u**3 - 31*u**2 + 60*u - 50. What is j(29)?
8
Let p(i) = i**2 - 13*i - 27. Calculate p(19).
87
Let d(c) = c**3 - 8*c**2 + 13*c + 12. Give d(6).
18
Let p(s) = s**2 + s - 2. Calculate p(0).
-2
Let m(v) = -v**3 + 11*v**2 + 17*v - 5. Determine m(12).
55
Let m(y) = -y**2 - 11*y + 5. What is m(-3)?
29
Let k(h) = -h**3 + 4*h**2 + 9*h - 11. Give k(5).
9
Let j(h) = 6*h**2 + h + 2. Determine j(-1).
7
Let d(y) = 12*y + 40. Determine d(-4).
-8
Let h(a) = a**2 + 13. Calculate h(-14).
209
Let o(u) = 5*u - 13. What is o(5)?
12
Let q(g) = 3*g**2 - 54*g - 194. Determine q(21).
-5
Let v(w) = -w**3 + 2*w**2 + 11*w + 21. What is v(5)?
1
Let i(m) = -m**2 + 11*m + 213. Determine i(21).
3
Let m(k) = 2*k**2 - 28*k - 38. What is m(15)?
-8
Let v(x) = -x**3 + 27*x**2 + 3*x - 60. Give v(27).
21
Let a(y) = -y**3 - 6*y**2 + 6*y - 8. Give a(-7).
-1
Let w(b) = -b + 31. What is w(-14)?
45
Let s(j) = 3*j + 2. What is s(-15)?
-43
Let z(n) = n**2 + 12*n - 28. Give z(-13).
-15
Let f(d) = -107*d - 740. Calculate f(-7).
9
Let g(l) = l**2 - 15*l + 24. Calculate g(12).
-12
Let u(h) = -3*h**2 - h + 2. Determine u(3).
-28
Let t(g) = g + 28. Determine t(-8).
20
Let d(a) = 3*a**2 - 5*a - 5. Calculate d(-1).
3
Let s(p) = 2*p**2 - 211*p + 1464. Calculate s(98).
-6
Let g(r) = -69*r + 210. Calculate g(3).
3
Let c(x) = -x**3 + 6*x**2 + 11*x + 2. Determine c(7).
30
Let w(a) = -7*a**2 - 23*a + 2. What is w(-3)?
8
Let c(r) = r**3 + 2*r + 3. Determine c(-2).
-9
Let y(v) = v**2 - 1. Calculate y(3).
8
Let o(i) = -i**2 + 2*i + 7. Give o(-3).
-8
Let o(k) = 2*k + 36. Give o(7).
50
Let p(f) = -f**3 + 3*f**2 + f + 5. What is p(4)?
-7
Let p(h) = -4*h - 17. Determine p(-2).
-9
Let c(n) = -2*n**3 + 12*n**2 - 9*n + 22. Calculate c(6).
-32
Let g(n) = -n**3 + 9*n**2 - 20*n - 2. Determine g(4).
-2
Let r(q) = q**2 + 9*q + 3. Give r(-7).
-11
Let h(k) = 3*k**2 - 4*k + 3. What is h(2)?
7
Let g(h) = -3*h - 48. Determine g(-12).
-12
Let z(u) = 7*u + 282. Determine z(-36).
30
Let t(q) = -2*q**2 - q. What is t(1)?
-3
Let a(f) = 8*f + 9. Calculate a(0).
9
Let b(o) = -o**2 - 31*o + 261. What is b(-38)?
-5
Let p(v) = -2*v**3 - 6*v**2 + 7*v + 11. Determine p(-4).
15
Let j(c) = c**3 - 3*c**2 - 6*c + 6. Give j(3).
-12
Let z(i) = i**2 - 10*i + 19. Give z(6).
-5
Let b(y) = 6*y + 1. Determine b(-1).
-5
Let d(s) = -s**2 - 13*s - 19. Give d(-9).
17
Let y(a) = a**3 + 10*a**2 - 5*a + 7. What is y(-10)?
57
Let n(w) = -w**3 + 22*w**2 + 2*w - 13. Determine n(22).
31
Let q(m) = m**2 + m - 55. Give q(7).
1
Let r(v) = -2*v**3 + 38*v**2 + 3*v + 7. What is r(19)?
64
Let a(n) = 5*n + 13. What is a(1)?
18
Let w(o) = o**3 + 4*o**2 + 5. Calculate w(-4).
5
Let b(d) = d**2 + 5*d + 2. Calculate b(-5).
2
Let k(q) = -3*q**3 - 5*q**2 - 7*q - 4. Give k(-1).
1
Let v(z) = -z**3 - 8*z**2 - 10*z - 4. Determine v(-5).
-29
Let b(j) = -4*j - 3. What is b(-5)?
17
Let b(f) = -2*f**3 - f**2 + 3*f + 2. Give b(3).
-52
Let z(v) = -5*v + 19. Give z(4).
-1
Let x(d) = -51*d + 4. Calculate x(0).
4
Let m(t) = t**2 - 29*t - 252. Give m(36).
0
Let h(o) = -4*o**2 - 23*o + 9. What is h(-7)?
-26
Let j(g) = 4*g - 2. Determine j(-4).
-18
Let d(c) = c**3 - 7*c**2 + 5*c + 1. Give d(4).
-27
Let x(n) = -47*n + 1131. Give x(24).
3
Let c(y) = 2*y**2 - 9*y - 10. Calculate c(7).
25
Let p(w) = -w**3 + 3*w**2 + 69*w + 20. Calculate p(10).
10
Let n(h) = 5*h - 15. Determine n(3).
0
Let q(x) = 20*x. Calculate q(-1).
-20
Let i(b) = b**2 - 11*b + 16. Calculate i(9).
-2
Let h(c) = 28*c**3 - 2*c - 1. Give h(-1).
-27
Let h(y) = 3*y + 12. Calculate h(-5).
-3
Let j(a) = a**3 - a**2 + a + 26. What is j(0)?
26
Let p(d) = -4*d + 53. Calculate p(18).
-19
Let s(b) = 19*b + 19. What is s(-8)?
-133
Let d(x) = 6*x + 6. Determine d(-2).
-6
Let h(r) = -4*r - 23. Determine h(-6).
1
Let j(w) = -w**2 + 3. Give j(-2).
-1
Let m(p) = 9*p**3 - 3*p**2 + 2*p - 3. Give m(2).
61
Let v(g) = 25*g + 310. Give v(-13).
-15
Let o(x) = x**2 - 6*x - 5. Determine o(6).
-5
Let u(h) = -5*h + 84. Determine u(17).
-1
Let h(r) = 2*r - 5. Calculate h(5).
5
Let s(m) = m**3 + 5*m**2 - 16*m. Give s(-7).
14
Let x(d) = d**3 - 4*d**2 + 2*d. Determine x(3).
-3
Let v(o) = -22*o - 179. Determine v(-9).
19
Let i(b) = 2*b**3 + 27*b**2 - 16*b - 4. Give i(-14).
24
Let u(f) = -f**2 - 18*f - 5. What is u(-17)?
12
Let a(l) = -2*l**2 - 47*l - 52. Determine a(-22).
14
Let i(k) = 13*k**2 - 3*k + 5. Determine i(2).
51
Let j(g) = g**3 + 3*g**2 + 3*g + 6. What is j(-2)?
4
Let t(w) = -w**3 - 5*w**2 - 8. Determine t(-6).
28
Let r(o) = o**3 + 15*o**2 + 12*o - 15. Calculate r(-14).
13
Let z(d) = d**2 + 8*d - 5. Calculate z(-7).
-12
Let l(p) = -4*p + 38. What is l(19)?
-38
Let f(y) = 3*y**2 + 11*y - 20. Calculate f(-5).
0
Let r(v) = -2*v**2 + 27*v - 21. What is r(10)?
49
Let y(d) = -d**2 + 7*d - 11. What is y(6)?
-5
Let v(m) = -m + 5. What is v(-10)?
15
Let z(k) = -k**2 - 2*k - 15. What is z(-5)?
-30
Let k(v) = -10*v - 266. Determine k(-27).
4
Let w(b) = b**3 + 2*b**2 - 3*b + 13. Calculate w(0).
13
Let s(q) = -q - 11. Calculate s(-4).
-7
Let c(r) = -3*r + 5. Calculate c(11).
-28
Let c(q) = q**3 + 10*q**2 - 6*q + 47. Give c(-11).
-8
Let f(o) = -7*o - 50. Calculate f(-10).
20
Let v(u) = -u**2 - 5*u + 48. What is v(-11)?
-18
Let j(q) = -2*q - 7. Calculate j(-5).
3
Let k(a) = -4*a**2 + 13*a + 15. Give k(4).
3
Let s(p) = -5*p**2 - 6. Calculate s(3).
-51
Let g(r) = -r**3 + 15*r**2 + 16*r + 1. Give g(16).
1
Let t(j) = -j**3 + j + 6. Determine t(0).
6
Let h(s) = 3*s - 65. Calculate h(19).
-8
Let q(g) = -g**2 + 6*g - 2. What is q(7)?
-9
Let x(m) = m**2 - 22*m + 2. Give x(22).
2
Let m(j) = 3*j + 34. Determine m(-17).
-17
Let v(t) = 3*t + 1. Give v(-2).
-5
Let d(f) = -4*f - 9. Give d(-7).
19
Let i(g) = -2*g - 18. Give i(-10).
2
Let b(z) = 4*z + 7. Determine b(-7).
-21
Let q(a) = 5*a - 59. What is q(11)?
-4
Let v(h) = h**2 + 37*h - 153. What is v(-41)?
11
Let z(w) = -w**3 + 5*w**2 + 2*w + 3. Calculate z(5).
13
Let f(a) = -a**2 - 5*a - 4. Calculate f(-3).
2
Let q(b) = b**2 + 8*b + 10. Determine q(-4).
-6
Let d(g) = 4*g + 28. Calculate d(-7).
0
Let g(q) = -4*q**2 + 11*q - 6. Give g(5).
-51
Let r(x) = -x**2 + 12*x + 67. Calculate r(-4).
3
Let k(d) = -d - 7. Give k(-15).
8
Let a(c) = -13*c + 6. Give a(6).
-72
Let u(c) = 2*c**3 - 11*c**2 + 9*c + 12. What is u(5)?
32
Let i(f) = 3*f**2 - 15*f - 19. Determine i(9).
89
Let d(u) = -9*u + 11. Determine d(-3).
38
Let d(z) = -14*z - 2. Determine d(2).
-30
Let b(p) = 2*p**3 - 20*p**2 - 20*p - 30. What is b(11)?
-8
Let b(y) = 7*y - 8. Calculate b(2).
6
Let c(x) = 5*x + 53. Determine c(-9).
8
Let l(k) = 2*k**3 + 95*k**2 - 45*k + 145. Determine l(-48).
1
Let h(x) = x**3 - 18*x**2 - 4*x + 14. Determine h(18).
-58
Let s(n) = -n**3 + 6*n**2 + 3*n + 1. What is s(6)?
19
Let o(s) = s + 5. Give o(-6).
-1
Let u(y) = -y**3 + 20*y**2 + 3*y - 29. Determine u(20).
31
Let d(h) = -h**3 - 3*h**2 + 7*h + 7. Calculate d(-5).
22
Let w(s) = -2*s**2 + 5*s + 13. Give w(5).
-12
Let d(k) = k**2 - 9*k - 5. Calculate d(10).
5
Let y(q) = -q**3 + 2*q**2 - 2*q + 2. What is y(0)?
2
Let a(c) = -c + 4. Give a(-3).
7
Let y(a) = a**2 - 52*a + 484. Give y(12).
4
Let l(i) = -i**3 + 7*i**2 - 3*i + 8. Calculate l(8).
-80
Let c(g) = -2*g**2 + 14*g - 6. Give c(7).
-6
Let x(z) = z**2 - 9*z + 2. Give x(11).
24
Let p(v) = -2*v**2 + 2*v + 9. What is p(3)?
-3
Let c(z) = 6*z**2 - 2*z - 5. Give c(2).
15
Let w(h) = h**3 - 14*h**2 + 10*h + 39. Calculate w(13).
0
Let r(y) = 21*y - 139. What is r(7)?
8
Let x(p) = p**3 - 10*p**2 + 7*p - 5. What is x(9)?
-23
Let o(p) = p**3 - 7*p**2 + 4*p - 10. Determine o(7).
18
Let u(z) = z**2 + 14*z + 16. Give u(-12).
-8
Let m(c) = c**3 - 17*c**2 + 17*c - 42. Give m(16).
-26
Let y(t) = -t**3 + 8*t**2 - t + 15. Determine y(8).
7
Let x(s) = -s**3 + 25*s**2 - s - 13. Calculate x(25).
-38
Let p(c) = -c**3 + 2*c**2 + 7*c - 6. Determine p(2).
8
Let r(o) = o**2 - 12*o - 58. What is r(-6)?
50
Let x(w) = w**3 + w**2 + 3*w + 25. Calculate x(0).
25
Let s(w) = 5*w**2 - 8*w + 8. Determine s(7).
197
Let j(b) = -3*b**2 + 6*b. Calculate j(4).
-24
Let u(p) =